{"id":460,"date":"2025-08-19T08:00:09","date_gmt":"2025-08-19T08:00:09","guid":{"rendered":"https:\/\/consigo.hu\/?page_id=460"},"modified":"2025-08-19T08:29:43","modified_gmt":"2025-08-19T08:29:43","slug":"praeda-mobili-privacy-policy-de","status":"publish","type":"page","link":"https:\/\/consigo.hu\/index.php\/praeda-mobili-privacy-policy-de\/","title":{"rendered":"Praeda Mobili &#8211; Privacy Policy (DE)"},"content":{"rendered":"\t\t<div data-elementor-type=\"wp-page\" data-elementor-id=\"460\" class=\"elementor elementor-460\" data-elementor-post-type=\"page\">\n\t\t\t\t\t\t\t\t\t<section class=\"elementor-section elementor-top-section elementor-element elementor-element-6363984 elementor-section-boxed elementor-section-height-default elementor-section-height-default\" data-id=\"6363984\" data-element_type=\"section\">\n\t\t\t\t\t\t<div class=\"elementor-container elementor-column-gap-default\">\n\t\t\t\t\t<div class=\"elementor-column elementor-col-16 elementor-top-column elementor-element elementor-element-1bf7846\" data-id=\"1bf7846\" data-element_type=\"column\">\n\t\t\t<div class=\"elementor-widget-wrap\">\n\t\t\t\t\t\t\t\t\t<\/div>\n\t\t<\/div>\n\t\t\t\t<div class=\"elementor-column elementor-col-16 elementor-top-column elementor-element elementor-element-d7c627b\" data-id=\"d7c627b\" data-element_type=\"column\">\n\t\t\t<div class=\"elementor-widget-wrap\">\n\t\t\t\t\t\t\t\t\t<\/div>\n\t\t<\/div>\n\t\t\t\t<div class=\"elementor-column elementor-col-16 elementor-top-column elementor-element elementor-element-b90fb45\" data-id=\"b90fb45\" data-element_type=\"column\">\n\t\t\t<div class=\"elementor-widget-wrap\">\n\t\t\t\t\t\t\t\t\t<\/div>\n\t\t<\/div>\n\t\t\t\t<div class=\"elementor-column elementor-col-16 elementor-top-column elementor-element elementor-element-9475bcf\" data-id=\"9475bcf\" data-element_type=\"column\">\n\t\t\t<div class=\"elementor-widget-wrap elementor-element-populated\">\n\t\t\t\t\t\t\t\t<div class=\"elementor-element elementor-element-97cc594 elementor-widget elementor-widget-button\" data-id=\"97cc594\" data-element_type=\"widget\" data-widget_type=\"button.default\">\n\t\t\t\t<div class=\"elementor-widget-container\">\n\t\t\t\t\t<div class=\"elementor-button-wrapper\">\n\t\t\t<a class=\"elementor-button elementor-button-link elementor-size-sm\" href=\"https:\/\/consigo.hu\/index.php\/praeda-mobili-privacy-policy-de\/\">\n\t\t\t\t\t\t<span class=\"elementor-button-content-wrapper\">\n\t\t\t\t\t\t<span class=\"elementor-button-text\">DE<\/span>\n\t\t<\/span>\n\t\t\t\t\t<\/a>\n\t\t<\/div>\n\t\t\t\t<\/div>\n\t\t\t\t<\/div>\n\t\t\t\t\t<\/div>\n\t\t<\/div>\n\t\t\t\t<div class=\"elementor-column elementor-col-16 elementor-top-column elementor-element elementor-element-b3448be\" data-id=\"b3448be\" data-element_type=\"column\">\n\t\t\t<div class=\"elementor-widget-wrap elementor-element-populated\">\n\t\t\t\t\t\t\t\t<div class=\"elementor-element elementor-element-51c22e1 elementor-widget elementor-widget-button\" data-id=\"51c22e1\" data-element_type=\"widget\" data-widget_type=\"button.default\">\n\t\t\t\t<div class=\"elementor-widget-container\">\n\t\t\t\t\t<div class=\"elementor-button-wrapper\">\n\t\t\t<a class=\"elementor-button elementor-button-link elementor-size-sm\" href=\"https:\/\/consigo.hu\/index.php\/praeda-mobili-privacy-policy-en\/\">\n\t\t\t\t\t\t<span class=\"elementor-button-content-wrapper\">\n\t\t\t\t\t\t<span class=\"elementor-button-text\">EN<\/span>\n\t\t<\/span>\n\t\t\t\t\t<\/a>\n\t\t<\/div>\n\t\t\t\t<\/div>\n\t\t\t\t<\/div>\n\t\t\t\t\t<\/div>\n\t\t<\/div>\n\t\t\t\t<div class=\"elementor-column elementor-col-16 elementor-top-column elementor-element elementor-element-8e9bf9b\" data-id=\"8e9bf9b\" data-element_type=\"column\">\n\t\t\t<div class=\"elementor-widget-wrap elementor-element-populated\">\n\t\t\t\t\t\t\t\t<div class=\"elementor-element elementor-element-565750b elementor-widget elementor-widget-button\" data-id=\"565750b\" data-element_type=\"widget\" data-widget_type=\"button.default\">\n\t\t\t\t<div class=\"elementor-widget-container\">\n\t\t\t\t\t<div class=\"elementor-button-wrapper\">\n\t\t\t<a class=\"elementor-button elementor-button-link elementor-size-sm\" href=\"https:\/\/consigo.hu\/index.php\/praeda-mobili-privacy-policy-hu\/\">\n\t\t\t\t\t\t<span class=\"elementor-button-content-wrapper\">\n\t\t\t\t\t\t<span class=\"elementor-button-text\">HU<\/span>\n\t\t<\/span>\n\t\t\t\t\t<\/a>\n\t\t<\/div>\n\t\t\t\t<\/div>\n\t\t\t\t<\/div>\n\t\t\t\t\t<\/div>\n\t\t<\/div>\n\t\t\t\t\t\t\t<\/div>\n\t\t<\/section>\n\t\t\t\t<section class=\"elementor-section elementor-top-section elementor-element elementor-element-99dbeb5 elementor-section-boxed elementor-section-height-default elementor-section-height-default\" data-id=\"99dbeb5\" data-element_type=\"section\">\n\t\t\t\t\t\t<div class=\"elementor-container elementor-column-gap-default\">\n\t\t\t\t\t<div class=\"elementor-column elementor-col-100 elementor-top-column elementor-element elementor-element-ae82391\" data-id=\"ae82391\" data-element_type=\"column\">\n\t\t\t<div class=\"elementor-widget-wrap elementor-element-populated\">\n\t\t\t\t\t\t\t\t<div class=\"elementor-element elementor-element-0982c32 elementor-widget elementor-widget-image\" data-id=\"0982c32\" data-element_type=\"widget\" data-widget_type=\"image.default\">\n\t\t\t\t<div class=\"elementor-widget-container\">\n\t\t\t<style>\/*! elementor - v3.16.0 - 17-10-2023 *\/\n.elementor-widget-image{text-align:center}.elementor-widget-image a{display:inline-block}.elementor-widget-image a img[src$=\".svg\"]{width:48px}.elementor-widget-image img{vertical-align:middle;display:inline-block}<\/style>\t\t\t\t\t\t\t\t\t\t\t\t<img loading=\"lazy\" decoding=\"async\" width=\"454\" height=\"165\" src=\"https:\/\/consigo.hu\/wp-content\/uploads\/2025\/08\/consigo_logo_new_tr-5.png\" class=\"attachment-large size-large wp-image-476\" alt=\"\" srcset=\"https:\/\/consigo.hu\/wp-content\/uploads\/2025\/08\/consigo_logo_new_tr-5.png 454w, https:\/\/consigo.hu\/wp-content\/uploads\/2025\/08\/consigo_logo_new_tr-5-300x109.png 300w\" sizes=\"auto, (max-width: 454px) 100vw, 454px\" \/>\t\t\t\t\t\t\t\t\t\t\t\t\t\t\t<\/div>\n\t\t\t\t<\/div>\n\t\t\t\t<div class=\"elementor-element elementor-element-88d1e67 elementor-widget elementor-widget-text-editor\" data-id=\"88d1e67\" data-element_type=\"widget\" data-widget_type=\"text-editor.default\">\n\t\t\t\t<div class=\"elementor-widget-container\">\n\t\t\t<style>\/*! elementor - v3.16.0 - 17-10-2023 *\/\n.elementor-widget-text-editor.elementor-drop-cap-view-stacked .elementor-drop-cap{background-color:#69727d;color:#fff}.elementor-widget-text-editor.elementor-drop-cap-view-framed .elementor-drop-cap{color:#69727d;border:3px solid;background-color:transparent}.elementor-widget-text-editor:not(.elementor-drop-cap-view-default) .elementor-drop-cap{margin-top:8px}.elementor-widget-text-editor:not(.elementor-drop-cap-view-default) .elementor-drop-cap-letter{width:1em;height:1em}.elementor-widget-text-editor .elementor-drop-cap{float:left;text-align:center;line-height:1;font-size:50px}.elementor-widget-text-editor .elementor-drop-cap-letter{display:inline-block}<\/style>\t\t\t\t<h4 style=\"text-align: center;\">Datenschutzerkl\u00e4rung<\/h4><h5 class=\"meta\" style=\"text-align: center;\"><strong>Praeda Mobili Mobilanwendung<\/strong><br \/>Erstellt von: Consigo Solutions Kft.<\/h5><h4>1. Einleitung<\/h4><p>Diese Datenschutzerkl\u00e4rung erl\u00e4utert, welche Daten bei der Nutzung der <strong>Praeda Mobili<\/strong> Mobilanwendung verarbeitet werden k\u00f6nnen.<\/p><h4>2. Verantwortlicher (Datenverarbeiter)<\/h4><p>Verantwortlich f\u00fcr die im Rahmen der Anwendung entstehenden Daten ist das <strong>Wildfleischverarbeitungsunternehmen<\/strong>, das die Anwendung betreibt und nutzt. Das Unternehmen bestimmt die Zwecke, Methoden und Aufbewahrungsfristen der Datenverarbeitung.<\/p><h4>3. Rolle von Consigo Solutions Kft.<\/h4><ul><li><strong>Consigo Solutions Kft.<\/strong> stellt die Anwendung als technische L\u00f6sung bereit.<\/li><li>Consigo Solutions Kft. <strong>hat keinen Zugriff<\/strong> auf die im System gespeicherten Daten und <strong>verarbeitet oder speichert<\/strong> keine Benutzerdaten.<\/li><li>Consigo Solutions Kft. <strong>ist kein Verantwortlicher<\/strong> und <strong>handelt nicht als Auftragsverarbeiter<\/strong> im Sinne der DSGVO.<\/li><\/ul><h4>4. Verarbeitete Datenkategorien<\/h4><ul><li><strong>Von Fahrern erfasste Daten:<\/strong> Fehlerberichte und Fotos sichtbarer Wildsch\u00e4den. Diese werden auf den <strong>Servern des Wildfleischverarbeiters<\/strong> gespeichert.<\/li><li><strong>Nutzung durch J\u00e4ger:<\/strong> Identifizierung \u00fcber Code oder QR-Scan ohne Angabe personenbezogener Daten.<\/li><\/ul><h4>5. Zweck der Verarbeitung<\/h4><p>R\u00fcckverfolgbarkeit von Wildfleisch und Dokumentation der logistischen Prozesse.<\/p><h4>6. Speicherdauer<\/h4><p>Die Aufbewahrungsfristen werden ausschlie\u00dflich durch die internen Richtlinien des Wildfleischverarbeiters festgelegt.<\/p><h4>7. Weitergabe von Daten<\/h4><p>Eine Weitergabe an Dritte erfolgt nur, wenn dies gesetzlich vorgeschrieben ist.<\/p><h4>8. Rechte der betroffenen Personen (DSGVO)<\/h4><p>Betroffene Personen k\u00f6nnen sich an den Wildfleischverarbeiter wenden, um ihre Rechte auszu\u00fcben, einschlie\u00dflich: Auskunft, Berichtigung, L\u00f6schung, Einschr\u00e4nkung und Widerspruch.<\/p><h4>9. Sicherheitsma\u00dfnahmen<\/h4><p>Die Daten werden auf den Servern des Wildfleischverarbeiters gespeichert und durch dessen IT-Sicherheitsma\u00dfnahmen gesch\u00fctzt.<\/p><h4>10. Kontakt<\/h4><p><strong>Verantwortlicher:<\/strong> das jeweilige Wildfleischverarbeitungsunternehmen (gem\u00e4\u00df dessen internen Richtlinien).<br \/><strong>Entwickler:<\/strong> Consigo Solutions Kft., 7761 Koz\u00e1rmisleny, Orgona utca 24.2 \u2022 Steuernr.: 32345403-2-02 \u2022 EU-USt-IdNr.: HU32345403<br \/>E-Mail: <a href=\"mailto:info@consigo.hu\">info@consigo.hu<\/a> | <a href=\"mailto:info@consigosolutions.eu\">info@consigosolutions.eu<\/a><br \/>Web: <a href=\"https:\/\/consigo.hu\" target=\"_blank\" rel=\"noopener\">consigo.hu<\/a> | <a href=\"https:\/\/consigosolutions.eu\" target=\"_blank\" rel=\"noopener\">consigosolutions.eu<\/a><br \/>Tel.: +36 30 576 8013<\/p><footer><p>\u00a9 2025 Consigo Solutions Kft. \u2013 Dieses Dokument dient nur zu Informationszwecken und stellt keine Rechtsberatung dar.<\/p><\/footer><p>\u00a0<\/p>\t\t\t\t\t\t<\/div>\n\t\t\t\t<\/div>\n\t\t\t\t\t<\/div>\n\t\t<\/div>\n\t\t\t\t\t\t\t<\/div>\n\t\t<\/section>\n\t\t\t\t\t\t\t<\/div>\n\t\t","protected":false},"excerpt":{"rendered":"<p>DE EN HU Datenschutzerkl\u00e4rung Praeda Mobili MobilanwendungErstellt von: Consigo Solutions Kft. 1. Einleitung Diese Datenschutzerkl\u00e4rung erl\u00e4utert, welche Daten bei der Nutzung der Praeda Mobili Mobilanwendung verarbeitet werden k\u00f6nnen. 2. Verantwortlicher (Datenverarbeiter) Verantwortlich f\u00fcr die im Rahmen der Anwendung entstehenden Daten ist das Wildfleischverarbeitungsunternehmen, das die Anwendung betreibt und nutzt. Das Unternehmen bestimmt die Zwecke, Methoden [&hellip;]<\/p>\n","protected":false},"author":1,"featured_media":0,"parent":0,"menu_order":0,"comment_status":"closed","ping_status":"closed","template":"blank","meta":{"footnotes":""},"class_list":["post-460","page","type-page","status-publish","hentry"],"_links":{"self":[{"href":"https:\/\/consigo.hu\/index.php\/wp-json\/wp\/v2\/pages\/460","targetHints":{"allow":["GET"]}}],"collection":[{"href":"https:\/\/consigo.hu\/index.php\/wp-json\/wp\/v2\/pages"}],"about":[{"href":"https:\/\/consigo.hu\/index.php\/wp-json\/wp\/v2\/types\/page"}],"author":[{"embeddable":true,"href":"https:\/\/consigo.hu\/index.php\/wp-json\/wp\/v2\/users\/1"}],"replies":[{"embeddable":true,"href":"https:\/\/consigo.hu\/index.php\/wp-json\/wp\/v2\/comments?post=460"}],"version-history":[{"count":7,"href":"https:\/\/consigo.hu\/index.php\/wp-json\/wp\/v2\/pages\/460\/revisions"}],"predecessor-version":[{"id":494,"href":"https:\/\/consigo.hu\/index.php\/wp-json\/wp\/v2\/pages\/460\/revisions\/494"}],"wp:attachment":[{"href":"https:\/\/consigo.hu\/index.php\/wp-json\/wp\/v2\/media?parent=460"}],"curies":[{"name":"wp","href":"https:\/\/api.w.org\/{rel}","templated":true}]}}